{"id":6,"date":"2010-09-12T11:41:12","date_gmt":"2010-09-12T09:41:12","guid":{"rendered":"http:\/\/www.gedichtladen.de\/blog\/?page_id=6"},"modified":"2024-10-08T16:30:32","modified_gmt":"2024-10-08T14:30:32","slug":"kontakt","status":"publish","type":"page","link":"https:\/\/www.gedichtladen.de\/blog\/kontakt","title":{"rendered":"Impressum"},"content":{"rendered":"<p><strong>Impressum<\/strong><br \/>\n<center><br \/>\nDr. Christian Eberhard Rempel<br \/>\nSchulzendorfer Str. 4<br \/>\n12529 Sch\u00f6nefeld<br \/>\nTelefon: 030 93620614<\/p>\n<p>Email: <a href=\"&#109;&#097;&#105;&#108;&#116;&#111;&#058;&#097;&#110;&#102;&#114;&#097;&#103;&#101;&#064;&#103;&#101;&#100;&#105;&#099;&#104;&#116;&#108;&#097;&#100;&#101;&#110;&#046;&#100;&#101;\">anfrage(at)gedichtladen.de<\/a><\/p>\n<p><strong>Verantwortlich f\u00fcr den Inhalt nach \u00a7 55 Abs. 2 RStV:<\/strong><br \/>\nDr. Christian Eberhard Rempel<br \/>\nSchulzendorfer Str. 4<br \/>\n12529 Sch\u00f6nefeld<br \/>\nTelefon: 0172 4968545<\/p>\n<p>Email: <a href=\"&#109;&#097;&#105;&#108;&#116;&#111;&#058;&#097;&#110;&#102;&#114;&#097;&#103;&#101;&#064;&#103;&#101;&#100;&#105;&#099;&#104;&#116;&#108;&#097;&#100;&#101;&#110;&#046;&#100;&#101;\">anfrage(at)gedichtladen.de<\/a><\/p>\n<p><strong>Haftungsausschluss:<\/strong><\/p>\n<p><strong>Haftung f\u00fcr Inhalte<\/strong><\/p>\n<p>Die Inhalte unserer Seiten wurden mit gr\u00f6\u00dfter Sorgfalt erstellt.<br \/>\n      F\u00fcr die Richtigkeit, Vollst\u00e4ndigkeit und Aktualit\u00e4t der Inhalte<br \/>\n      k\u00f6nnen wir jedoch keine Gew\u00e4hr \u00fcbernehmen. Als Diensteanbieter sind wir gem\u00e4\u00df \u00a7 7 Abs.1 TMG f\u00fcr<br \/>\n      eigene Inhalte auf diesen Seiten nach den allgemeinen Gesetzen verantwortlich.<br \/>\n      Nach \u00a7\u00a7 8 bis 10 TMG sind wir als Diensteanbieter jedoch nicht<br \/>\n      verpflichtet, \u00fcbermittelte oder gespeicherte fremde Informationen zu<br \/>\n      \u00fcberwachen oder nach Umst\u00e4nden zu forschen, die auf eine rechtswidrige<br \/>\n      T\u00e4tigkeit hinweisen. Verpflichtungen zur Entfernung oder Sperrung der<br \/>\n      Nutzung von Informationen nach den allgemeinen Gesetzen bleiben hiervon<br \/>\n      unber\u00fchrt. Eine diesbez\u00fcgliche Haftung ist jedoch erst ab dem<br \/>\n      Zeitpunkt der Kenntnis einer konkreten Rechtsverletzung m\u00f6glich. Bei<br \/>\n      Bekanntwerden von entsprechenden Rechtsverletzungen werden wir diese Inhalte<br \/>\n      umgehend entfernen.<\/p>\n<p><strong>Haftung f\u00fcr Links<\/strong><\/p>\n<p>Unser Angebot enth\u00e4lt Links zu externen Webseiten Dritter, auf deren<br \/>\n      Inhalte wir keinen Einfluss haben. Deshalb k\u00f6nnen wir f\u00fcr diese<br \/>\n      fremden Inhalte auch keine Gew\u00e4hr \u00fcbernehmen. F\u00fcr die Inhalte<br \/>\n      der verlinkten Seiten ist stets der jeweilige Anbieter oder Betreiber der<br \/>\n      Seiten verantwortlich. Die verlinkten Seiten wurden zum Zeitpunkt der Verlinkung<br \/>\n      auf m\u00f6gliche Rechtsverst\u00f6\u00dfe \u00fcberpr\u00fcft. Rechtswidrige<br \/>\n      Inhalte waren zum Zeitpunkt der Verlinkung nicht erkennbar. Eine permanente<br \/>\n      inhaltliche Kontrolle der verlinkten Seiten ist jedoch ohne konkrete Anhaltspunkte<br \/>\n      einer Rechtsverletzung nicht zumutbar. Bei Bekanntwerden von Rechtsverletzungen<br \/>\n      werden wir derartige Links umgehend entfernen.<\/p>\n<p><strong>Urheberrecht<\/strong><\/p>\n<p>Die durch die Seitenbetreiber erstellten Inhalte und Werke auf diesen Seiten<br \/>\n      unterliegen dem deutschen Urheberrecht. Die Vervielf\u00e4ltigung, Bearbeitung, Verbreitung und<br \/>\n      jede Art der Verwertung au\u00dferhalb der Grenzen des Urheberrechtes bed\u00fcrfen<br \/>\n      der schriftlichen Zustimmung des jeweiligen Autors bzw. Erstellers. Downloads<br \/>\n      und Kopien dieser Seite sind nur f\u00fcr den privaten, nicht kommerziellen<br \/>\n      Gebrauch gestattet. Soweit die Inhalte auf dieser Seite nicht vom Betreiber erstellt wurden,<br \/>\n      werden die Urheberrechte Dritter beachtet. Insbesondere werden Inhalte Dritter als solche<br \/>\n      gekennzeichnet. Sollten Sie trotzdem auf eine Urheberrechtsverletzung aufmerksam werden, bitten wir um einen entsprechenden Hinweis.<br \/>\n      Bei Bekanntwerden von Rechtsverletzungen werden wir derartige Inhalte umgehend entfernen.<\/p>\n<p><\/center><\/p>\n","protected":false},"excerpt":{"rendered":"<p>Impressum Dr. Christian Eberhard Rempel Schulzendorfer Str. 4 12529 Sch\u00f6nefeld Telefon: 030 93620614 Email: anfrage(at)gedichtladen.de Verantwortlich f\u00fcr den Inhalt nach \u00a7 55 Abs. 2 RStV: Dr. Christian Eberhard Rempel Schulzendorfer Str. 4 12529 Sch\u00f6nefeld Telefon: 0172 4968545 Email: anfrage(at)gedichtladen.de Haftungsausschluss:&#8230;<br \/><a class=\"read-more-button\" href=\"https:\/\/www.gedichtladen.de\/blog\/kontakt\">Mehr Lesen<\/a><\/p>\n","protected":false},"author":1,"featured_media":0,"parent":0,"menu_order":25,"comment_status":"closed","ping_status":"closed","template":"template-without-title.php","meta":{"footnotes":""},"class_list":["post-6","page","type-page","status-publish","hentry"],"_links":{"self":[{"href":"https:\/\/www.gedichtladen.de\/blog\/wp-json\/wp\/v2\/pages\/6","targetHints":{"allow":["GET"]}}],"collection":[{"href":"https:\/\/www.gedichtladen.de\/blog\/wp-json\/wp\/v2\/pages"}],"about":[{"href":"https:\/\/www.gedichtladen.de\/blog\/wp-json\/wp\/v2\/types\/page"}],"author":[{"embeddable":true,"href":"https:\/\/www.gedichtladen.de\/blog\/wp-json\/wp\/v2\/users\/1"}],"replies":[{"embeddable":true,"href":"https:\/\/www.gedichtladen.de\/blog\/wp-json\/wp\/v2\/comments?post=6"}],"version-history":[{"count":50,"href":"https:\/\/www.gedichtladen.de\/blog\/wp-json\/wp\/v2\/pages\/6\/revisions"}],"predecessor-version":[{"id":4777,"href":"https:\/\/www.gedichtladen.de\/blog\/wp-json\/wp\/v2\/pages\/6\/revisions\/4777"}],"wp:attachment":[{"href":"https:\/\/www.gedichtladen.de\/blog\/wp-json\/wp\/v2\/media?parent=6"}],"curies":[{"name":"wp","href":"https:\/\/api.w.org\/{rel}","templated":true}]}}